{"id":13,"date":"2015-08-12T13:39:44","date_gmt":"2015-08-12T12:39:44","guid":{"rendered":"https:\/\/www.ile-aux-jeux.com\/?page_id=13"},"modified":"2021-03-05T11:56:51","modified_gmt":"2021-03-05T10:56:51","slug":"le-parc-cholet","status":"publish","type":"page","link":"https:\/\/www.ile-aux-jeux.com\/index.php\/le-parc-cholet\/","title":{"rendered":"Le parc (Cholet)"},"content":{"rendered":"\t\t<div data-elementor-type=\"wp-page\" data-elementor-id=\"13\" class=\"elementor elementor-13\">\n\t\t\t\t\t\t<section class=\"elementor-section elementor-top-section elementor-element elementor-element-54d417ec elementor-section-boxed elementor-section-height-default elementor-section-height-default\" data-id=\"54d417ec\" data-element_type=\"section\" data-e-type=\"section\">\n\t\t\t\t\t\t<div class=\"elementor-container elementor-column-gap-default\">\n\t\t\t\t\t<div class=\"elementor-column elementor-col-100 elementor-top-column elementor-element elementor-element-46e7eb1\" data-id=\"46e7eb1\" data-element_type=\"column\" data-e-type=\"column\">\n\t\t\t<div class=\"elementor-widget-wrap elementor-element-populated\">\n\t\t\t\t\t\t<div class=\"elementor-element elementor-element-61bc6aa9 elementor-invisible elementor-widget elementor-widget-text-editor\" data-id=\"61bc6aa9\" data-element_type=\"widget\" data-e-type=\"widget\" data-settings=\"{&quot;_animation&quot;:&quot;rollIn&quot;}\" data-widget_type=\"text-editor.default\">\n\t\t\t\t<div class=\"elementor-widget-container\">\n\t\t\t\t\t\t\t\t\t<h2>L\u2019ILE AUX JEUX CHOLET<\/h2><div id=\"metaslider-id-110\" style=\"max-width: 990px;\" class=\"ml-slider-3-109-0 ml-slider-pro-2-57-0 metaslider metaslider-flex metaslider-110 ml-slider has-dots-nav ms-theme-default\" role=\"region\" aria-label=\"Cholet\" data-height=\"400\" data-width=\"990\">\n    <div id=\"metaslider_container_110\">\n        <div id=\"metaslider_110\">\n            <ul class='slides'>\n                <li style=\"display: block; width: 100%;\" class=\"slide-2937 ms-image \" aria-roledescription=\"slide\" data-date=\"2021-09-11 13:23:19\" data-filename=\"au-revoir-cholet-site-cholet-def-1-1-595x240.png\" data-slide-type=\"image\"><img fetchpriority=\"high\" decoding=\"async\" src=\"https:\/\/www.ile-aux-jeux.com\/wp-content\/uploads\/2021\/09\/au-revoir-cholet-site-cholet-def-1-1-595x240.png\" height=\"400\" width=\"990\" alt=\"\" class=\"slider-110 slide-2937 msDefaultImage\" \/><\/li>\n                <li style=\"display: none; width: 100%;\" class=\"slide-3014 ms-image \" aria-roledescription=\"slide\" data-date=\"2021-10-25 13:45:13\" data-filename=\"ouverture-def-e1622539812869-576x232.jpg\" data-slide-type=\"image\"><img decoding=\"async\" src=\"https:\/\/www.ile-aux-jeux.com\/wp-content\/uploads\/2019\/10\/ouverture-def-e1622539812869-576x232.jpg\" height=\"400\" width=\"990\" alt=\"\" class=\"slider-110 slide-3014 msDefaultImage\" \/><\/li>\n            <\/ul>\n        <\/div>\n        \n    <\/div>\n<\/div><p><span style=\"color: #0000ff;\"><strong>Parc de loisirs couvert pour enfants pour jouer tout le temps par tous les temps !<\/strong><\/span><\/p><p><span style=\"color: #0000ff;\">L&rsquo;ile aux Jeux Cholet c&rsquo;est 1000 m\u00b2 de plaisir ouvert toute l&rsquo;ann\u00e9e avec des jeux gonflables, structures tubulaires, trampolines, piscines \u00e0 balles, espace pour les tout-petits, tricycles, jeu de briques, pistes de patinettes,\u00a0 espace bar, baby-foot, WIFI gratuit, snack sur place avec pichets de sirop, bouteille d&rsquo;eau et sodas, gaufres, paquets de g\u00e2teaux, barres chocolat\u00e9es, sachets de bonbons etc&#8230;<\/span><\/p><p><img decoding=\"async\" class=\"alignnone size-medium wp-image-1811\" src=\"https:\/\/www.ile-aux-jeux.com\/wp-content\/uploads\/2020\/02\/1015967_525767600810894_128604471_o-300x201.jpg\" alt=\"\" width=\"300\" height=\"201\" srcset=\"https:\/\/www.ile-aux-jeux.com\/wp-content\/uploads\/2020\/02\/1015967_525767600810894_128604471_o-300x201.jpg 300w, https:\/\/www.ile-aux-jeux.com\/wp-content\/uploads\/2020\/02\/1015967_525767600810894_128604471_o-768x514.jpg 768w, https:\/\/www.ile-aux-jeux.com\/wp-content\/uploads\/2020\/02\/1015967_525767600810894_128604471_o-1024x685.jpg 1024w, https:\/\/www.ile-aux-jeux.com\/wp-content\/uploads\/2020\/02\/1015967_525767600810894_128604471_o.jpg 2048w\" sizes=\"(max-width: 300px) 100vw, 300px\" \/><img loading=\"lazy\" decoding=\"async\" class=\"alignnone size-medium wp-image-1808\" src=\"https:\/\/www.ile-aux-jeux.com\/wp-content\/uploads\/2020\/02\/1049245_525765700811084_802374042_o-300x201.jpg\" alt=\"\" width=\"300\" height=\"201\" srcset=\"https:\/\/www.ile-aux-jeux.com\/wp-content\/uploads\/2020\/02\/1049245_525765700811084_802374042_o-300x201.jpg 300w, https:\/\/www.ile-aux-jeux.com\/wp-content\/uploads\/2020\/02\/1049245_525765700811084_802374042_o-768x514.jpg 768w, https:\/\/www.ile-aux-jeux.com\/wp-content\/uploads\/2020\/02\/1049245_525765700811084_802374042_o-1024x685.jpg 1024w, https:\/\/www.ile-aux-jeux.com\/wp-content\/uploads\/2020\/02\/1049245_525765700811084_802374042_o.jpg 2048w\" sizes=\"(max-width: 300px) 100vw, 300px\" \/><img loading=\"lazy\" decoding=\"async\" class=\"alignnone size-medium wp-image-1813\" src=\"https:\/\/www.ile-aux-jeux.com\/wp-content\/uploads\/2020\/02\/75894_470680652986256_1351555389_n-300x199.jpg\" alt=\"\" width=\"300\" height=\"199\" srcset=\"https:\/\/www.ile-aux-jeux.com\/wp-content\/uploads\/2020\/02\/75894_470680652986256_1351555389_n-300x199.jpg 300w, https:\/\/www.ile-aux-jeux.com\/wp-content\/uploads\/2020\/02\/75894_470680652986256_1351555389_n-768x510.jpg 768w, https:\/\/www.ile-aux-jeux.com\/wp-content\/uploads\/2020\/02\/75894_470680652986256_1351555389_n.jpg 960w\" sizes=\"(max-width: 300px) 100vw, 300px\" \/><\/p><p><span style=\"color: #ff0000;\"><strong>L&rsquo;ile aux Jeux est une licence de marque vend\u00e9enne et une affaire familiale !<\/strong><\/span><\/p><p><span style=\"color: #0000ff;\"><strong>En 2006<\/strong>, le premier Ile aux Jeux ouvre ses portes \u00e0 Saint-Hilaire. Ce premier parc est en ext\u00e9rieur offrant 3\u00a0hectares de verdure avec karting, tyrolienne, balan\u00e7oires, gonflables, \u00e9chasses, poney, canon \u00e0 balles, etc. <\/span><span style=\"color: #0000ff;\">C&rsquo;est la naissance de la mascotte <span style=\"color: #ff0000;\">Teiki<\/span>, grand singe en peluche pr\u00e9sent lors des anniversaires.<\/span><\/p><p><span style=\"color: #0000ff;\"><strong>En 2008\u00a0:<\/strong> ouverture de <span style=\"color: #ff0000;\">L\u2019ile aux Jeux Challans<\/span><strong>. <\/strong>Contrairement \u00e0 l\u2019aire de jeux de Saint-Hilaire, le parc de Challans est enti\u00e8rement couvert, proposant un tubulaire, des gonflables, des trampolines, un tapis d&rsquo;\u00e9veil pour les touts petits, une piste de patinettes, espace bar et snack, wifi gratuit etc.<\/span><\/p><p><span style=\"color: #0000ff;\"><strong>En 2009\u00a0:<\/strong> fermeture de L\u2019ile aux Jeux Saint-Hilaire, le parc ext\u00e9rieur \u00e9tant trop d\u00e9pendant des al\u00e9as de la m\u00e9t\u00e9o.<\/span><\/p><p><span style=\"color: #0000ff;\"><strong>En 2010\u00a0: <\/strong>ouverture de <span style=\"color: #ff0000;\">L\u2019ile aux Jeux Cholet<\/span>. Le parc est couvert et fait 1000m\u00b2 avec une structure tubulaire, des gonflables, table de ping-pong, un salle de boum avec de la musique pour danser, de la brumisation, des trampolines, un tapis d&rsquo;\u00e9veil, des briques en carton, espace bar et snack, wifi gratuit etc.<\/span><\/p><p><span style=\"color: #0000ff;\"><strong>En 2013 :<\/strong> ouverture du premier parc franchis\u00e9 <span style=\"color: #ff0000;\">L&rsquo;ile aux Jeux Les Herbiers<\/span>. Le parc est couvert avec 800 m\u00b2 de jeux gonflables, trampolines, tubulaire, baby-foot, \u00e9chasses, course en sac, espace bar et snack, wifi gratuit etc. Le parc ferme en 2019 suite \u00e0 une reconversion professionnelle de la part du franchis\u00e9.<\/span><\/p><p><span style=\"color: #0000ff;\"><strong>En 2018 :<\/strong> la communication est g\u00e9r\u00e9e par Com&rsquo; une grande. Les premi\u00e8res publicit\u00e9s voient le jour sur les r\u00e9seaux sociaux. En 2020, trois films publicitaires sont tourn\u00e9s au sein des diff\u00e9rents parcs.<\/span><\/p><p><span style=\"color: #0000ff;\"><strong>En 2019 :<\/strong> ouverture de <span style=\"color: #ff0000;\">L&rsquo;ile aux Jeux Les Sables d&rsquo;Olonne<\/span>.\u00a0Le parc est couvert et offre 800 m\u00b2 climatis\u00e9 et ouvert toute l\u2019ann\u00e9e avec une piste de patinette, jeux gonflables, st<span class=\"text_exposed_show\">ructure tubulaire, salle de foot, trampolines, piscine \u00e0 balles, espace pour les tout petits, baby-foot, espace bar et snack, climatisation, jeux de soci\u00e9t\u00e9, magazines, wifi gratuit, etc.<\/span><\/span><\/p><p><span style=\"color: #ff0000;\"><strong>L&rsquo;ile aux Jeux c&rsquo;est 3 parcs de loisirs en pays de Loire pour jouer tout le temps, par tous les temps !<\/strong><\/span><\/p><p style=\"text-align: center;\"><span style=\"color: #0000ff;\"><strong>Dans la famille L&rsquo;Ile aux Jeux, \u00e0 Cholet je demande <span style=\"color: #ff0000;\">le p\u00e8re<\/span> ! <\/strong><\/span><\/p><p style=\"text-align: center;\"><span style=\"color: #0000ff;\"><strong>A Challans je demande <span style=\"color: #ff0000;\">la m\u00e8re<\/span> ! <\/strong><\/span><\/p><p style=\"text-align: center;\"><span style=\"color: #0000ff;\"><strong>Aux Sables d&rsquo;Olonne je demande <span style=\"color: #ff0000;\">le fils<\/span> ! <\/strong><\/span><\/p><p style=\"text-align: center;\"><span style=\"color: #0000ff;\"><strong>Et \u00e0 la communication je demande <span style=\"color: #ff0000;\">la fille<\/span> !<\/strong><\/span><\/p>\t\t\t\t\t\t\t\t<\/div>\n\t\t\t\t<\/div>\n\t\t\t\t\t<\/div>\n\t\t<\/div>\n\t\t\t\t\t<\/div>\n\t\t<\/section>\n\t\t\t\t<section class=\"elementor-section elementor-top-section elementor-element elementor-element-0dcaf3c elementor-section-boxed elementor-section-height-default elementor-section-height-default\" data-id=\"0dcaf3c\" data-element_type=\"section\" data-e-type=\"section\">\n\t\t\t\t\t\t<div class=\"elementor-container elementor-column-gap-default\">\n\t\t\t\t\t<div class=\"elementor-column elementor-col-100 elementor-top-column elementor-element elementor-element-1ba7909\" data-id=\"1ba7909\" data-element_type=\"column\" data-e-type=\"column\">\n\t\t\t<div class=\"elementor-widget-wrap elementor-element-populated\">\n\t\t\t\t\t\t<div class=\"elementor-element elementor-element-771bc0c elementor-widget elementor-widget-image\" data-id=\"771bc0c\" data-element_type=\"widget\" data-e-type=\"widget\" data-widget_type=\"image.default\">\n\t\t\t\t<div class=\"elementor-widget-container\">\n\t\t\t\t\t\t\t\t\t\t\t\t\t\t\t<img loading=\"lazy\" decoding=\"async\" width=\"75\" height=\"80\" src=\"https:\/\/www.ile-aux-jeux.com\/wp-content\/uploads\/2020\/08\/anif_anime.gif\" class=\"attachment-large size-large wp-image-1971\" alt=\"\" \/>\t\t\t\t\t\t\t\t\t\t\t\t\t\t\t<\/div>\n\t\t\t\t<\/div>\n\t\t\t\t\t<\/div>\n\t\t<\/div>\n\t\t\t\t\t<\/div>\n\t\t<\/section>\n\t\t\t\t<\/div>\n\t\t","protected":false},"excerpt":{"rendered":"<p>L\u2019ILE AUX JEUX CHOLET Parc de loisirs couvert pour enfants pour jouer [&hellip;]<\/p>\n","protected":false},"author":1,"featured_media":0,"parent":0,"menu_order":0,"comment_status":"open","ping_status":"closed","template":"parc-cholet-2col.php","meta":{"footnotes":""},"class_list":["post-13","page","type-page","status-publish","hentry"],"_links":{"self":[{"href":"https:\/\/www.ile-aux-jeux.com\/index.php\/wp-json\/wp\/v2\/pages\/13","targetHints":{"allow":["GET"]}}],"collection":[{"href":"https:\/\/www.ile-aux-jeux.com\/index.php\/wp-json\/wp\/v2\/pages"}],"about":[{"href":"https:\/\/www.ile-aux-jeux.com\/index.php\/wp-json\/wp\/v2\/types\/page"}],"author":[{"embeddable":true,"href":"https:\/\/www.ile-aux-jeux.com\/index.php\/wp-json\/wp\/v2\/users\/1"}],"replies":[{"embeddable":true,"href":"https:\/\/www.ile-aux-jeux.com\/index.php\/wp-json\/wp\/v2\/comments?post=13"}],"version-history":[{"count":19,"href":"https:\/\/www.ile-aux-jeux.com\/index.php\/wp-json\/wp\/v2\/pages\/13\/revisions"}],"predecessor-version":[{"id":2797,"href":"https:\/\/www.ile-aux-jeux.com\/index.php\/wp-json\/wp\/v2\/pages\/13\/revisions\/2797"}],"wp:attachment":[{"href":"https:\/\/www.ile-aux-jeux.com\/index.php\/wp-json\/wp\/v2\/media?parent=13"}],"curies":[{"name":"wp","href":"https:\/\/api.w.org\/{rel}","templated":true}]}}