{"id":70,"date":"2015-08-13T09:02:24","date_gmt":"2015-08-13T08:02:24","guid":{"rendered":"https:\/\/www.ile-aux-jeux.com\/?page_id=70"},"modified":"2021-03-05T11:40:02","modified_gmt":"2021-03-05T10:40:02","slug":"creez-votre-parc","status":"publish","type":"page","link":"https:\/\/www.ile-aux-jeux.com\/index.php\/creez-votre-parc\/","title":{"rendered":"Cr\u00e9ez votre parc"},"content":{"rendered":"\t\t<div data-elementor-type=\"wp-page\" data-elementor-id=\"70\" class=\"elementor elementor-70\">\n\t\t\t\t\t\t<section class=\"elementor-section elementor-top-section elementor-element elementor-element-1457970f elementor-section-boxed elementor-section-height-default elementor-section-height-default\" data-id=\"1457970f\" data-element_type=\"section\" data-e-type=\"section\">\n\t\t\t\t\t\t<div class=\"elementor-container elementor-column-gap-default\">\n\t\t\t\t\t<div class=\"elementor-column elementor-col-100 elementor-top-column elementor-element elementor-element-5eb276bf\" data-id=\"5eb276bf\" data-element_type=\"column\" data-e-type=\"column\">\n\t\t\t<div class=\"elementor-widget-wrap elementor-element-populated\">\n\t\t\t\t\t\t<div class=\"elementor-element elementor-element-5163691c elementor-invisible elementor-widget elementor-widget-text-editor\" data-id=\"5163691c\" data-element_type=\"widget\" data-e-type=\"widget\" data-settings=\"{&quot;_animation&quot;:&quot;fadeInLeft&quot;}\" data-widget_type=\"text-editor.default\">\n\t\t\t\t<div class=\"elementor-widget-container\">\n\t\t\t\t\t\t\t\t\t<div class=\"block-30\"><img fetchpriority=\"high\" decoding=\"async\" class=\"wp-image-349 size-full alignnone\" src=\"https:\/\/www.ile-aux-jeux.com\/wp-content\/uploads\/2015\/08\/ballons.png\" alt=\"ballons\" width=\"300\" height=\"400\" srcset=\"https:\/\/www.ile-aux-jeux.com\/wp-content\/uploads\/2015\/08\/ballons.png 300w, https:\/\/www.ile-aux-jeux.com\/wp-content\/uploads\/2015\/08\/ballons-225x300.png 225w\" sizes=\"(max-width: 300px) 100vw, 300px\" \/><\/div>\r\n<div class=\"block-70\">\r\n<h2 style=\"text-align: center;\"><span style=\"color: #0000ff;\">L&rsquo;Ile aux Jeux, c&rsquo;est bien plus<\/span>\r\n<span style=\"color: #0000ff;\"> qu&rsquo;un parc de loisirs couvert, c&rsquo;est un concept !<\/span><\/h2>\r\n<p style=\"text-align: center;\"><span style=\"color: #0000ff;\">Attentifs \u00e0 l&rsquo;\u00e9veil et au d\u00e9veloppement des enfants, nous accordons aussi une grande importance \u00e0 leur plaisir, car c&rsquo;est en jouant qu&rsquo;on apprend !<\/span>\r\n<span style=\"color: #0000ff;\"> Chaque parc a pour but de procurer un bon moment en famille<\/span>\r\n<span style=\"color: #0000ff;\"> ou entre amis, \u00e0 travers des jeux, une mascotte<\/span>\r\n<span style=\"color: #0000ff;\"> et une \u00e9quipe chaleureuse.<\/span><\/p>\r\n<p style=\"text-align: center;\"><span style=\"color: #0000ff;\">Cette activit\u00e9 vous int\u00e9resse ?<\/span>\r\n<span style=\"color: #0000ff;\"> Vous avez une \u00e2me d&rsquo;entrepreneur, vous souhaitez<\/span>\r\n<span style=\"color: #0000ff;\"> ouvrir votre parc et devenir un professionnel du loisir ?<\/span><\/p>\r\n<p style=\"text-align: center;\"><span style=\"color: #0000ff;\">Rejoignez notre r\u00e9seau, devenons partenaires !<\/span>\r\n<span style=\"color: #0000ff;\"> Une opportunit\u00e9 \u00e0 saisir, pour donner un nouvel \u00e9lan<\/span>\r\n<span style=\"color: #0000ff;\"> \u00e0 votre parcours professionnel.<\/span><\/p>\r\n<p style=\"text-align: center;\"><span style=\"color: #0000ff;\">Pour obtenir le dossier de candidature :<\/span>\r\n<span style=\"color: #0000ff;\"> Jean-Jacques SAUDA, cr\u00e9ateur et g\u00e9rant :<\/span>\r\n<span style=\"color: #0000ff;\"> 06 20 21 14 43<\/span>\r\n<a href=\"https:\/\/www.ile-aux-jeux.com\/index.php\/contactez-nous-general\/\">par mail cliquez ici<\/a><\/p>\r\n\r\n<\/div>\t\t\t\t\t\t\t\t<\/div>\n\t\t\t\t<\/div>\n\t\t\t\t\t<\/div>\n\t\t<\/div>\n\t\t\t\t\t<\/div>\n\t\t<\/section>\n\t\t\t\t<section class=\"elementor-section elementor-top-section elementor-element elementor-element-020a87c elementor-section-boxed elementor-section-height-default elementor-section-height-default\" data-id=\"020a87c\" data-element_type=\"section\" data-e-type=\"section\">\n\t\t\t\t\t\t<div class=\"elementor-container elementor-column-gap-default\">\n\t\t\t\t\t<div class=\"elementor-column elementor-col-100 elementor-top-column elementor-element elementor-element-d51345b\" data-id=\"d51345b\" data-element_type=\"column\" data-e-type=\"column\">\n\t\t\t<div class=\"elementor-widget-wrap elementor-element-populated\">\n\t\t\t\t\t\t<div class=\"elementor-element elementor-element-df27a21 elementor-widget elementor-widget-image\" data-id=\"df27a21\" data-element_type=\"widget\" data-e-type=\"widget\" data-widget_type=\"image.default\">\n\t\t\t\t<div class=\"elementor-widget-container\">\n\t\t\t\t\t\t\t\t\t\t\t\t\t\t\t<img decoding=\"async\" width=\"75\" height=\"80\" src=\"https:\/\/www.ile-aux-jeux.com\/wp-content\/uploads\/2020\/08\/anif_anime.gif\" class=\"attachment-large size-large wp-image-1971\" alt=\"\" \/>\t\t\t\t\t\t\t\t\t\t\t\t\t\t\t<\/div>\n\t\t\t\t<\/div>\n\t\t\t\t\t<\/div>\n\t\t<\/div>\n\t\t\t\t\t<\/div>\n\t\t<\/section>\n\t\t\t\t<\/div>\n\t\t","protected":false},"excerpt":{"rendered":"<p>L&rsquo;Ile aux Jeux, c&rsquo;est bien plus qu&rsquo;un parc de loisirs couvert, c&rsquo;est [&hellip;]<\/p>\n","protected":false},"author":1,"featured_media":0,"parent":0,"menu_order":0,"comment_status":"open","ping_status":"open","template":"","meta":{"footnotes":""},"class_list":["post-70","page","type-page","status-publish","hentry"],"_links":{"self":[{"href":"https:\/\/www.ile-aux-jeux.com\/index.php\/wp-json\/wp\/v2\/pages\/70","targetHints":{"allow":["GET"]}}],"collection":[{"href":"https:\/\/www.ile-aux-jeux.com\/index.php\/wp-json\/wp\/v2\/pages"}],"about":[{"href":"https:\/\/www.ile-aux-jeux.com\/index.php\/wp-json\/wp\/v2\/types\/page"}],"author":[{"embeddable":true,"href":"https:\/\/www.ile-aux-jeux.com\/index.php\/wp-json\/wp\/v2\/users\/1"}],"replies":[{"embeddable":true,"href":"https:\/\/www.ile-aux-jeux.com\/index.php\/wp-json\/wp\/v2\/comments?post=70"}],"version-history":[{"count":23,"href":"https:\/\/www.ile-aux-jeux.com\/index.php\/wp-json\/wp\/v2\/pages\/70\/revisions"}],"predecessor-version":[{"id":2708,"href":"https:\/\/www.ile-aux-jeux.com\/index.php\/wp-json\/wp\/v2\/pages\/70\/revisions\/2708"}],"wp:attachment":[{"href":"https:\/\/www.ile-aux-jeux.com\/index.php\/wp-json\/wp\/v2\/media?parent=70"}],"curies":[{"name":"wp","href":"https:\/\/api.w.org\/{rel}","templated":true}]}}